e the prime factors of c?
41, 331
List the prime factors of (-8252)/(-7 + (1 - 0) - -4).
2, 2063
Let w(f) = 3*f**2 + f**2 - 2*f**2 - 10*f - 86 - 6*f + 106. What are the prime factors of w(10)?
2, 3, 5
Let o(d) = -1. Let i(h) = -h. Let m(u) = -6*i(u) + o(u). Let y be m(1). Let n(j) = 10*j + 4. List the prime factors of n(y).
2, 3
Let w(i) = i**3 + 12*i**2 - 16*i - 1. Let v(b) = -10*b**2 - 3*b + 3. Let f be v(1). List the prime factors of w(f).
359
Suppose 0 = -s - 60 + 63. Let u(p) = 42*p**3 + p + 7. List the prime factors of u(s).
2, 11, 13
Suppose 5*m + 7*h = 3*h + 4204, -5*h = 4*m - 3365. Suppose -4*t = -4*j - 3312, 2*j + m = t + 7*j. What are the prime factors of t?
2, 5, 83
Let p = 4514 + -1302. List the prime factors of p.
2, 11, 73
Suppose -y = 4*d - 44183, 2*y + 11057 = 12*d - 11*d. List the prime factors of d.
11047
Let h(m) = 8*m**2 + 26*m - 1838. List the prime factors of h(41).
2, 3169
Let a = -190 + 193. Let s(f) = -f - 1. Let d(g) = 9*g**2 + 5*g + 10. Let b(l) = d(l) + 5*s(l). What are the prime factors of b(a)?
2, 43
Let r = 4083 - -7153. List the prime factors of r.
2, 53
Suppose 5*p + 5*j - 15 = 0, j - 15 = -3*p - 0*j. Suppose 3*c + p + 0 = -g, 30 = 3*g - 3*c. Suppose 0*u - 396 = -g*u. List the prime factors of u.
2, 3, 11
Suppose -4*t + 27*o = 31*o - 91996, -5*t = -o - 114953. List the prime factors of t.
2, 3, 479
Suppose -58*t + 26*t + 160 = 0. Suppose t*x + 329 = 2*m, 6*x + 159 = m + 9*x. What are the prime factors of m?
2, 3
Let h be -3 - (-8 + ((-12)/4 - -6)). Let t be (1/h)/(1/8). What are the prime factors of (-712)/(-60) + t/30?
2, 3
Suppose 0 = -2*k - 4*a + 3*a + 5, 3*k + a = 8. Suppose 112 = 7*b - k*b. Suppose 33*c = b*c + 115. What are the prime factors of c?
23
Let z(a) = 9*a**2 + 97*a**3 - 29*a - 98*a**3 + 26 + 8*a**2. What are the prime factors of z(11)?
433
Let c = 1768 + -675. Suppose -23*k + 1759 = -c. What are the prime factors of k?
2, 31
Let j(u) = u + 5. Let y be j(-1). Let s be y*(1 - 255/(-12)). Suppose 3*p + 103 = 5*i, -2*i - 5*p = i - s. What are the prime factors of i?
23
Let y = -253 + 257. Suppose -2*t + 1084 = -y*r, -2*r - 3*r - 1629 = -3*t. What are the prime factors of t?
2, 137
What are the prime factors of 2/(-70) - 12411180/(-175)?
70921
Let h(q) = q**2 - 3*q + 205. Let s = -85 + 85. What are the prime factors of h(s)?
5, 41
What are the prime factors of (-249145)/(-130) + 2/(-4)?
2, 479
Suppose -3*c = f - 6*c - 81, 2*c = 2*f - 174. List the prime factors of f/20*4/6.
3
Suppose -34081 = -18*j + 14*j - 5*i, -3*i - 34041 = -4*j. List the prime factors of j.
2, 3, 11, 43
Suppose -39*g = -5*s - 37*g + 24823, 2*s + 2*g = 9918. List the prime factors of s.
7, 709
Let d be (5/3)/(42/126). Suppose 522 = 2*q + d*b, -3*q + 0*b + 806 = -4*b. What are the prime factors of q?
2, 7, 19
Suppose 3*w - 15 = 9. Let p(m) = -5*m + 68. List the prime factors of p(w).
2, 7
Let m(n) = 2*n - 292. Let h be m(0). Let d = h + 412. List the prime factors of d.
2, 3, 5
Suppose 10*t - 4*a - 11098 = 5*t, 0 = 4*t + a - 8870. List the prime factors of t.
2, 1109
Let w(d) = 216*d**2 + 15*d + 21. What are the prime factors of w(-7)?
2, 3, 5, 7
Let b(a) = a**3 + 39*a**2 - 8*a + 59. List the prime factors of b(-29).
7, 11, 113
Let p = -185 + 188. Suppose p*o - 182 = 265. What are the prime factors of o?
149
Suppose -969*w + 964*w - 4*a = -155362, 2*w - 62100 = 4*a. What are the prime factors of w?
2, 7, 317
Let n(c) = 3*c**3 - 17*c**2 + 56*c - 65. List the prime factors of n(21).
21397
Let a(c) be the second derivative of -1/10*c**5 + 0 - 5/12*c**4 - 7/2*c**2 + 2/3*c**3 - 7*c. What are the prime factors of a(-5)?
2, 7
Suppose 3*s - 2*r = 89250, -r + 4 = -2. List the prime factors of s.
2, 3, 19, 29
Suppose 7*f - 36 = 678. What are the prime factors of 17/f - (-34)/12*151?
2, 107
Let x be (1 - -4 - 1) + (6 - 23). List the prime factors of (x/(39/18))/((-12)/832).
2, 13
Let q(s) = -s**2 - 9*s. Let r be q(-10). Let b(y) = y**2 - 10*y + 22. Let a be b(r). Let j = a - 111. What are the prime factors of j?
3, 37
Let y be ((-1284)/10)/((-2)/(40/(-6))). Let h = -1206 - y. What are the prime factors of h/(-12) - (-1)/6?
5, 13
Let s(j) = 45*j**2 - 72*j + 1149. List the prime factors of s(21).
2, 3, 17, 191
Suppose 35*b + 29640 - 155221 = 115219. List the prime factors of b.
2, 5, 43
Let t = -37 + 79. Let g be 1463/(-38) + (-3)/(-6). Let f = t + g. What are the prime factors of f?
2
Suppose -65 = 15*d - 1325. List the prime factors of d/(-9)*1512/(-49).
2, 3
Let i(k) = 16*k**2 - 309*k + 310. List the prime factors of i(1).
17
Suppose 517 - 2647 = -6*k. What are the prime factors of k?
5, 71
Let j(q) = -q**2 + 14*q - 23. Let t = -11 - -24. Let s be j(t). List the prime factors of (-3)/(-15)*497 - (-4)/s.
3, 11
Let q = 6257 + -5768. What are the prime factors of q?
3, 163
Suppose o - 4*m = 3013, 3*o = -8*m + 9*m + 9017. What are the prime factors of o?
5, 601
Suppose 428*s + 343746 = 437*s. List the prime factors of s.
2, 13, 113
Let c(a) = 5*a**3 - 37*a**2 + 621*a + 20. What are the prime factors of c(13)?
3, 5, 19
Let d = 265 - 237. List the prime factors of 1044 - ((-2)/(-14) - (-80)/d).
3, 347
Let p(s) = 141*s**2 - 2*s + 1. Suppose 80*n = 79*n + 4. Suppose 0 - n = -4*k. What are the prime factors of p(k)?
2, 5, 7
Let l = 46313 - 31724. List the prime factors of l.
3, 1621
Let n be (-495)/(-25) + (-12)/15. Suppose n*w = 13*w + 3018. What are the prime factors of w?
503
Let t(y) = -5*y + 26. Let o be t(5). Suppose 5*m + 1425 = 5*r, -m + 577 - o = 2*r. List the prime factors of r.
7, 41
Let s = 64 + -59. Suppose -3*a = s*o - 1307, 4*a + 5*o = -a + 2185. What are the prime factors of a?
439
Let d be 128/160 + (-11)/(-5). Suppose y + 0*y + 2035 = 4*c, -4*c + 2039 = d*y. List the prime factors of c.
509
What are the prime factors of ((-103)/103)/((-1)/618)?
2, 3, 103
What are the prime factors of ((2891/4)/(-59))/((-1)/2272)?
2, 7, 71
Let y be (-39 - -43)*(-3 - -1). Let b(c) = -36*c - 50. What are the prime factors of b(y)?
2, 7, 17
Let s = -29376 - -59387. List the prime factors of s.
30011
List the prime factors of (119025/(-50))/((-9)/78).
3, 13, 23
Let m = -146 - -58. Let p = -5 - m. List the prime factors of p.
83
Suppose 7*c = -4*c + 880. Suppose 3*y - 2*r - c - 748 = 0, -5*r = 0. List the prime factors of y.
2, 3, 23
Let y(l) = -250*l**3 - l**2 + l + 6. Let x be y(-2). Suppose 5*g + 7*j - x = 10*j, -3*g = 3*j - 1200. List the prime factors of g.
2, 5
Let r = 49 - 69. Let p = 138 - r. List the prime factors of p.
2, 79
Let p = -4143 + 8480. List the prime factors of p.
4337
Let z = -44 - -62. Let g = z + -22. What are the prime factors of (-4)/3*30/g?
2, 5
Let b(a) be the third derivative of -223*a**4/6 - 2*a**3/3 - a**2 + 7. What are the prime factors of b(-1)?
2, 3, 37
Suppose 5 + 5 = -k. Let q(f) = 2*f**3 + 21*f**2 - 13*f - 9. List the prime factors of q(k).
13, 17
Let h = 79 - 65. List the prime factors of 2 - 2*(-4739)/h.
7, 97
Suppose -k + 4*l = 160, -5*k + 3*k - 2*l = 350. What are the prime factors of 51/34*(-2 - k)?
3, 5, 17
Let x(t) = 3 + 23 - 2 + 7*t + 0. Let b(y) = -133*y - 455. Let a(s) = 3*b(s) + 56*x(s). List the prime factors of a(-4).
7
Suppose 12 = 4*y + 5*a, -53*y - 9 = -56*y - 5*a. Let s(q) = 3 + 6*q**2 + 9*q**2 + 1 - 5*q. List the prime factors of s(y).
2, 31
Let x = -99715 + 162874. What are the prime factors of x?
3, 37, 569
Let l = -45 + 66. Suppose l*m = 16*m + 680. Suppose v + 12 = -5*x + m, 3*x + 564 = 5*v. List the prime factors of v.
2, 3, 19
Let g be 5/1 - (2 - 2). What are the prime factors of (-24)/(g - 2)*(-11 - 18)?
2, 29
Let g(p) = p**2 - 4*p - 12. Let a be g(4). Let r be 2/(-2) + a/2. What are the prime factors of (-392)/(-6) + r/21?
5, 13
Let k be (6 - (-101562)/9) + 1/3. Suppose 5541 = 32*i - k. List the prime factors of i.
2, 263
Let l = 77162 + -44358. List the prime factors of l.
2, 59, 139
Let o(w) = 57*w**2 + w + 2. Let k be o(-1). Let b = -23 + k. Let n = 133 - b. What are the prime factors of n?
2, 7
Suppose -s = 2, 3*j + 143 = 4*s - 200. List the prime factors of (-8)/156 + (-40722)/j.
2, 3, 29
Let u = 14903 + -7135. List the prime factors of u.
2, 971
Suppose 0 = 297*u - 226*u - 1689516. What are the prime factors of u?
2, 3, 661
Let i = -13734 - -16233. List the prime factors of i.
3, 7